{"id":100,"date":"2022-03-01T17:36:45","date_gmt":"2022-03-01T17:36:45","guid":{"rendered":"http:\/\/www.bfgroup.pl\/?page_id=100"},"modified":"2022-03-01T17:59:02","modified_gmt":"2022-03-01T17:59:02","slug":"ubezpieczenia-2","status":"publish","type":"page","link":"http:\/\/www.bfgroup.pl\/index.php\/ubezpieczenia-2\/","title":{"rendered":""},"content":{"rendered":"\n<p>Proponujemy Pa\u0144stwu najlepsze rozwi\u0105zania w zakresie doboru odpowiedniego ubezpieczenia. Jeste\u015bmy w stanie zaproponowa\u0107 Pa\u0144stwu szeroki wachlarz ofert 16 Towarzystw Ubezpieczeniowych m.in. PZU, WARTA, HESTIA, WIENER, ALLIANZ&#8230; <\/p>\n\n\n\n<hr class=\"wp-block-separator\"\/>\n\n\n\n<p class=\"has-text-align-center\"><mark style=\"background-color:rgba(0, 0, 0, 0)\" class=\"has-inline-color has-vivid-green-cyan-color\"><strong><em>Ubezpieczenia maj\u0105tkowe<\/em><\/strong><\/mark> <\/p>\n\n\n\n<p class=\"has-text-align-center\"> ubezpieczenie domu, domu letniskowego, domu w budowie, mieszkania, Wsp\u00f3lnot Mieszkaniowych itd.<\/p>\n\n\n\n<hr class=\"wp-block-separator\"\/>\n\n\n\n<p class=\"has-text-align-center\"><mark style=\"background-color:rgba(0, 0, 0, 0)\" class=\"has-inline-color has-vivid-cyan-blue-color\"><strong><em>Ubezpieczenia komunikacyjne<\/em><\/strong><\/mark> <\/p>\n\n\n\n<p class=\"has-text-align-center\">OC, AC, NNW, Assistance, Szyby, Baga\u017c itd.<\/p>\n\n\n\n<hr class=\"wp-block-separator\"\/>\n\n\n\n<p class=\"has-text-align-center\"><strong><em><mark style=\"background-color:rgba(0, 0, 0, 0)\" class=\"has-inline-color has-vivid-red-color\">Ubezpieczenia \u017cyciowe i medyczne<\/mark><\/em><\/strong><\/p>\n\n\n\n<hr class=\"wp-block-separator\"\/>\n\n\n\n<p class=\"has-text-align-center\"><strong><em>Ubezpieczenia rolne<\/em><\/strong><\/p>\n\n\n\n<hr class=\"wp-block-separator\"\/>\n\n\n\n<p class=\"has-text-align-center\"><strong><em><mark style=\"background-color:rgba(0, 0, 0, 0)\" class=\"has-inline-color has-luminous-vivid-amber-color\">Ubezpieczenia podr\u00f3\u017cne<\/mark><\/em><\/strong><\/p>\n\n\n\n<hr class=\"wp-block-separator\"\/>\n\n\n\n<p><strong>Zawsze przygotowujemy szyte na miar\u0119 minimum 3 oferty i przedk\u0142adamy klientowi do samodzielnego wyboru.<\/strong><\/p>\n","protected":false},"excerpt":{"rendered":"<p>Proponujemy Pa\u0144stwu najlepsze rozwi\u0105zania w zakresie doboru odpowiedniego ubezpieczenia. Jeste\u015bmy w stanie zaproponowa\u0107 Pa\u0144stwu szeroki wachlarz ofert 16 Towarzystw Ubezpieczeniowych m.in. PZU,<\/p>\n<p class=\"link-more\"><a class=\"myButt \" href=\"http:\/\/www.bfgroup.pl\/index.php\/ubezpieczenia-2\/\">Read More<\/a><\/p>\n","protected":false},"author":1,"featured_media":0,"parent":0,"menu_order":0,"comment_status":"closed","ping_status":"closed","template":"elementor_header_footer","meta":{"_view_id":"","footnotes":""},"class_list":["post-100","page","type-page","status-publish","hentry"],"_links":{"self":[{"href":"http:\/\/www.bfgroup.pl\/index.php\/wp-json\/wp\/v2\/pages\/100","targetHints":{"allow":["GET"]}}],"collection":[{"href":"http:\/\/www.bfgroup.pl\/index.php\/wp-json\/wp\/v2\/pages"}],"about":[{"href":"http:\/\/www.bfgroup.pl\/index.php\/wp-json\/wp\/v2\/types\/page"}],"author":[{"embeddable":true,"href":"http:\/\/www.bfgroup.pl\/index.php\/wp-json\/wp\/v2\/users\/1"}],"replies":[{"embeddable":true,"href":"http:\/\/www.bfgroup.pl\/index.php\/wp-json\/wp\/v2\/comments?post=100"}],"version-history":[{"count":4,"href":"http:\/\/www.bfgroup.pl\/index.php\/wp-json\/wp\/v2\/pages\/100\/revisions"}],"predecessor-version":[{"id":110,"href":"http:\/\/www.bfgroup.pl\/index.php\/wp-json\/wp\/v2\/pages\/100\/revisions\/110"}],"wp:attachment":[{"href":"http:\/\/www.bfgroup.pl\/index.php\/wp-json\/wp\/v2\/media?parent=100"}],"curies":[{"name":"wp","href":"https:\/\/api.w.org\/{rel}","templated":true}]}}