{"id":8,"date":"2022-02-28T12:45:14","date_gmt":"2022-02-28T12:45:14","guid":{"rendered":"http:\/\/www.bfgroup.pl\/?page_id=8"},"modified":"2022-02-28T14:41:21","modified_gmt":"2022-02-28T14:41:21","slug":"uslugi-zewnetrzne","status":"publish","type":"page","link":"http:\/\/www.bfgroup.pl\/index.php\/uslugi-zewnetrzne\/","title":{"rendered":"US\u0141UGI ZEWN\u0118TRZNE"},"content":{"rendered":"\n<p><strong><mark style=\"background-color:rgba(0, 0, 0, 0)\" class=\"has-inline-color has-vivid-cyan-blue-color\">PR\u0104D i GAZ<\/mark><\/strong><\/p>\n\n\n\n<p><em>W dzisiejszych czasach pr\u0105d i gaz sta\u0142y si\u0119 nieodzownym elementem \u017cycia ka\u017cdego cz\u0142owieka. Szalej\u0105ce ceny zmuszaj\u0105 nas do poszukiwania ta\u0144szych dostawc\u00f3w i tu swoje us\u0142ugi proponuje BFGROUP. Wsp\u00f3\u0142pracujemy z najlepszymi na rynku dostawcami zar\u00f3wno pr\u0105du jak i gazu. Ostro negocjujemy ceny dla dobra naszych klient\u00f3w. Gwarantujemy, i\u017c wynegocjowana stawka jak i zawarta umowa zostan\u0105 zachowane.<\/em><\/p>\n\n\n\n<p><strong><mark style=\"background-color:rgba(0, 0, 0, 0)\" class=\"has-inline-color has-vivid-green-cyan-color\">FOTOWOLTAIKA<\/mark><\/strong><\/p>\n\n\n\n<p><em>Wielu z naszych klient\u00f3w, w obawie o ceny pr\u0105du zacz\u0119\u0142o interesowa\u0107 si\u0119 instalacjami fotowoltaicznymi. Tu z pomoc\u0105 przysz\u0142a oferta wsp\u00f3\u0142pracuj\u0105cych firm z BFGROUP, kt\u00f3re nie tylko przedstawiaj\u0105 najlepsze rozwi\u0105zania na rynku, ale tak\u017ce w razie konieczno\u015bci, organizuj\u0105 finansowanie przedsi\u0119wzi\u0119cia poprzez kredyt lub leasing.<\/em><\/p>\n\n\n\n<p><strong><mark style=\"background-color:rgba(0, 0, 0, 0)\" class=\"has-inline-color has-vivid-red-color\">VALLBOX<\/mark><\/strong><\/p>\n\n\n\n<p><em>Pojawienie sie na rynku coraz wi\u0119kszej ilo\u015bci pojazd\u00f3w elektrycznych spowodowa\u0142o konieczno\u015b\u0107 monta\u017cu urz\u0105dze\u0144 do \u0142adowania samochod\u00f3w tzw. Vallbox-\u00f3w. BFGROUP wsp\u00f3\u0142pracuje wy\u0142\u0105cznie z firmami, kt\u00f3re za klienta organizuj\u0105 wszelkie formalno\u015bci i zgody.<\/em><\/p>\n","protected":false},"excerpt":{"rendered":"<p>PR\u0104D i GAZ W dzisiejszych czasach pr\u0105d i gaz sta\u0142y si\u0119 nieodzownym elementem \u017cycia ka\u017cdego cz\u0142owieka. Szalej\u0105ce ceny zmuszaj\u0105 nas do poszukiwania<\/p>\n<p class=\"link-more\"><a class=\"myButt \" href=\"http:\/\/www.bfgroup.pl\/index.php\/uslugi-zewnetrzne\/\">Read More<\/a><\/p>\n","protected":false},"author":1,"featured_media":0,"parent":0,"menu_order":0,"comment_status":"closed","ping_status":"closed","template":"elementor_header_footer","meta":{"_view_id":"","footnotes":""},"class_list":["post-8","page","type-page","status-publish","hentry"],"_links":{"self":[{"href":"http:\/\/www.bfgroup.pl\/index.php\/wp-json\/wp\/v2\/pages\/8","targetHints":{"allow":["GET"]}}],"collection":[{"href":"http:\/\/www.bfgroup.pl\/index.php\/wp-json\/wp\/v2\/pages"}],"about":[{"href":"http:\/\/www.bfgroup.pl\/index.php\/wp-json\/wp\/v2\/types\/page"}],"author":[{"embeddable":true,"href":"http:\/\/www.bfgroup.pl\/index.php\/wp-json\/wp\/v2\/users\/1"}],"replies":[{"embeddable":true,"href":"http:\/\/www.bfgroup.pl\/index.php\/wp-json\/wp\/v2\/comments?post=8"}],"version-history":[{"count":2,"href":"http:\/\/www.bfgroup.pl\/index.php\/wp-json\/wp\/v2\/pages\/8\/revisions"}],"predecessor-version":[{"id":43,"href":"http:\/\/www.bfgroup.pl\/index.php\/wp-json\/wp\/v2\/pages\/8\/revisions\/43"}],"wp:attachment":[{"href":"http:\/\/www.bfgroup.pl\/index.php\/wp-json\/wp\/v2\/media?parent=8"}],"curies":[{"name":"wp","href":"https:\/\/api.w.org\/{rel}","templated":true}]}}